2) to base 8
116
-11321 (base 4) to base 13
-230
7a (base 13) to base 11
92
-1003 (base 4) to base 15
-47
Convert 22 (base 12) to base 14.
1c
-17 (base 9) to base 7
-22
1 (base 14) to base 15
1
Convert -4 (base 14) to base 5.
-4
2 (base 9) to base 10
2
What is 10c (base 16) in base 11?
224
What is -46 (base 16) in base 14?
-50
0 (base 12) to base 14
0
-320 (base 10) to base 2
-101000000
What is 10c (base 16) in base 14?
152
Convert -2 (base 3) to base 8.
-2
What is 111 (base 2) in base 4?
13
9 (base 16) to base 4
21
Convert -23 (base 9) to base 4.
-111
Convert 2 (base 7) to base 6.
2
1 (base 2) to base 14
1
Convert -31 (base 15) to base 7.
-64
Convert 8 (base 14) to base 9.
8
Convert -3 (base 5) to base 8.
-3
-1 (base 10) to base 9
-1
What is -142 (base 8) in base 6?
-242
Convert -167 (base 10) to base 14.
-bd
-632 (base 8) to base 6
-1522
12 (base 7) to base 6
13
What is -32 (base 6) in base 12?
-18
-20 (base 10) to base 3
-202
What is -10 (base 9) in base 16?
-9
What is -7 (base 16) in base 9?
-7
Convert 411 (base 5) to base 12.
8a
-1012 (base 4) to base 11
-64
What is -10100 (base 2) in base 15?
-15
39 (base 13) to base 6
120
Convert 1b (base 16) to base 12.
23
26 (base 10) to base 5
101
30 (base 4) to base 14
c
What is -2 (base 12) in base 15?
-2
-24 (base 9) to base 12
-1a
Convert 12 (base 16) to base 4.
102
Convert -c (base 15) to base 6.
-20
What is -12 (base 5) in base 3?
-21
-11 (base 7) to base 15
-8
Convert 202 (base 3) to base 2.
10100
-1 (base 6) to base 7
-1
Convert 21 (base 3) to base 9.
7
Convert 14 (base 12) to base 5.
31
-2 (base 10) to base 15
-2
Convert 1 (base 8) to base 13.
1
What is 4 (base 16) in base 13?
4
What is 32 (base 12) in base 2?
100110
-21 (base 12) to base 3
-221
-100101 (base 2) to base 5
-122
What is -370 (base 10) in base 9?
-451
Convert 1a (base 12) to base 15.
17
12 (base 5) to base 2
111
What is -101 (base 2) in base 5?
-10
7 (base 14) to base 8
7
Convert 33 (base 13) to base 2.
101010
Convert 1b (base 13) to base 16.
18
40 (base 5) to base 11
19
What is -115 (base 6) in base 11?
-43
What is -5 (base 14) in base 9?
-5
11 (base 6) to base 14
7
Convert -10 (base 2) to base 16.
-2
-4 (base 16) to base 3
-11
What is 38 (base 11) in base 5?
131
What is 6 (base 14) in base 11?
6
Convert -2 (base 6) to base 4.
-2
-4 (base 8) to base 5
-4
What is -34 (base 6) in base 5?
-42
What is 1 (base 4) in base 14?
1
-94 (base 10) to base 16
-5e
12 (base 14) to base 7
22
What is 4 (base 14) in base 10?
4
Convert -2111 (base 3) to base 10.
-67
What is -13 (base 12) in base 13?
-12
What is 234 (base 6) in base 2?
1011110
What is -148 (base 10) in base 11?
-125
What is 3 (base 4) in base 9?
3
-10 (base 2) to base 14
-2
What is -3 (base 6) in base 2?
-11
Convert 126 (base 12) to base 13.
105
6 (base 10) to base 8
6
Convert -76 (base 9) to base 7.
-126
2 (base 4) to base 11
2
0 (base 9) to base 2
0
Convert 11 (base 2) to base 9.
3
1 (base 12) to base 5
1
What is 15 (base 6) in base 7?
14
Convert 2 (base 4) to base 11.
2
-14 (base 14) to base 9
-20
What is -20 (base 6) in base 11?
-11
-1 (base 7) to base 16
-1
Convert 10100111 (base 2) to base 14.
bd
What is -2 (base 13) in base 6?
-2
What is 220 (base 3) in base 16?
18
What is -293 (base 11) in base 16?
-158
-3 (base 8) to base 15
-3
Convert 11 (base 10) to base 6.
15
Convert 45 (base 6) to base 8.
35
What is -104 (base 7) in base 15?
-38
Convert a (base 14) to base 7.
13
-1000 (base 2) to base 6
-12
-1 (base 3) to base 13
-1
-3213 (base 4) to base 5
-1411
Convert -4 (base 15) to base 7.
-4
What is 34 (base 5) in base 14?
15
152 (base 12) to base 6
542
100 (base 2) to base 5
4
5 (base 13) to base 4
11
3 (base 13) to base 5
3
What is -4 (base 13) in base 2?
-100
What is -13 (base 9) in base 15?
-c
What is -1111 (base 3) in base 5?
-130
What is -38 (base 11) in base 15?
-2b
101101 (base 2) to base 14
33
What is -7a (base 11) in base 3?
-10020
Convert 110 (base 5) to base 11.
28
What is 4 (base 7) in base 10?
4
-10 (base 16) to base 15
-11
10 (base 3) to base 13
3
Convert 120 (base 6) to base 8.
60
What is 0 (base 16) in base 2?
0
Convert -14 (base 8) to base 5.
-22
What is 1131 (base 4) in base 14?
69
Convert 0 (base 3) to base 15.
0
Convert 62 (base 7) to base 10.
44
Convert 17 (base 12) to base 4.
103
Convert -3 (base 8) to base 4.
-3
8 (base 12) to base 14
8
What is -3 (base 6) in base 3?
-10
-1 (base 16) to base 13
-1
What is 4 (base 10) in base 16?
4
-13 (base 13) to base 16
-10
89 (base 11) to base 10
97
Convert 1 (base 15) to base 16.
1
What is -2d (base 14) in base 2?
-101001
11111 (base 2) to base 6
51
4 (base 13) to base 7
4
22 (base 4) to base 5
20
101 (base 9) to base 10
82
0 (base 11) to base 15
0
1 (base 16) to base 4
1
What is 2 (base 12) in base 4?
2
13 (base 16) to base 13
16
34 (base 6) to base 4
112
Convert -4 (base 5) to base 9.
-4
-230 (base 5) to base 13
-50
What is -1113 (base 5) in base 12?
-112
82 (base 13) to base 3
10221
12 (base 3) to base 10
5
Convert 10 (base 6) to base 14.
6
43 (base 5) to base 16
17
What is 2a (base 15) in base 10?
40
Convert 95 (base 15) to base 8.
214
Convert 14 (base 8) to base 12.
10
What is 6 (base 11) in base 14?
6
2 (base 14) to base 7
2
What is 36 (base 7) in base 3?
1000
Convert -71 (base 16) to base 12.
-95
Convert -1232 (base 5) to base 10.
-192
-121 (base 4) to base 8
-31
Convert -3 (base 10) to base 12.
-3
-12 (base 9) to base 10
-11
What is 316 (base 8) in base 10?
206
12002 (base 3) to base 9
162
Convert 43 (base 13) to base 5.
210
Convert 5a (base 11) to base 2.
1000001
Convert 3d (base 15) to base 3.
2011
Convert 14 (base 5) to base 2.
1001
3 (base 10) to base 12
3
413 (base 6) to base 4
2121
-100 (base 3) to base 12
-9
0 (base 7) to base 15
0
Convert 1d (base 16) to base 4.
131
Convert 4 (base 12) to base 3.
11
What is 50 (base 9) in base 8?
55
Convert -13 (base 12) to base 11.
-14
What is 3 (base 5) in base 15?
3
-10232 (base 4) to base 8
-456
14 (base 6) to base 2
1010
What is 1 (base 12) in base 2?
1
11 (base 3) to base 4
10
What is 11000111 (base 2) in base 11?
171
-7c (base 13) to base 2
-1100111
Convert -20 (base 4) to base 5.
-13
-3 (base 12) to base 4
-3
Convert -1001 (base 2) to base 10.
-9
What is 1c (base 15) in base 16?
1b
Convert 10 (base 6) to base 3.
20
Convert 14 (base 5) to base 4.
21
What is 4 (base 15) in base 9?
4
Convert -1000 (base 2) to base 3.
-22
Convert 36 (base 7) to base 14.
1d
Convert 6 (base 9) to base 12.
6
What is -6a (base 14) in base 15?
-64
Convert -3 (base 6) to base 11.
-3
Convert -12 (base 13) to base 4.
-33
-30 (base 12) to base 6
-100
Convert -37 (base 9) to base 14.
-26
Convert 55 (base 8) to base 10.
45
443 (base 5) to base 7
234
-3 (base 8) to base 5
-3
What is -116 (base 11) in base 4?
-2022
10 (base 3) to base 8
3
Convert -6 (base 9) to base 15.
-6
What is -106 (base 7) in base 10?
-55
What is 2 (base 11) in base 9?
2
What is 1001 (base 3) in base 10?
28
Convert 11 (base 6) to base 13.
7
-195 (base 11) to base 16
-e1
-45 (base 6) to base 9
-32
1 (base 11) to base 10
1
-102 (base 4) to base 8
-22
2d (base 16) to base 10
45
What is 2 (base 4) in base 9?
2
Convert 14 (base 14) to base 6.
30
Convert -4 (base 9) to base 13.
-4
Convert 0 (base 12) to base 5.
0
What is -14a (base 13) in base 2?
-11100111
2 (base 4) to base 13
2
Convert b (base 16) to base 15.
b
Convert -1b (base 14) to base 9.
-27
What is 12 (base 16) in base 4?
102
-2 (base 12) to base 5
-2
0 (base 16) to base 7
0
-3 (base 14) to base 3
-10
What is -15 (base 12) in base 9?
-18
Convert 2 (base 5) to base 3.
2
Convert -7 (base 10) to base 13.
-7
0 (base 9) to base 12
0
What is 115 (base 9) in base 12?
7b
Convert 2 (base 8) to base 7.
2
What is -10 (base 4) in base 3?
-11
Convert e (base 15) to base 6.
22
-1021 (base 5) to base 3
-12001
0 (base 9) to base 13
0
What is 6a (base 15) in base 10?
100
What is 0 (base 2) in base 9?
0
Convert 1 (base 5) to base 10.
1
22 (base 14) to base 5
110
Convert -111101 (base 2) to base 14.
-45
Convert 25 (base 15) to base 8.
43
2c (base 13) to base 14
2a
Convert 0 (base 12) to base 13.
0
What is 2 (base 13) in base 14?
2
What is -140 (base 12) in base 6?
-520
1 (base 6) to base 2
1
-10 (base 3) to base 5
-3
26 (base 15) to base 8
44
Convert 4 (base 6) to base 14.
4
1 (base